u - 3*p. Let d be q(u). Let k = 35 + d. Calculate the remainder when k is divided by 13.
11
What is the remainder when (-3)/(-4 + 5) + 87 is divided by 11?
7
Let j(l) = l**2 - 3 - 5 - 8*l - 2*l**2. Let q be j(-6). Suppose q*u - 3*u - 13 = 0. What is the remainder when 23 is divided by u?
10
Let z = 3 + 0. What is the remainder when 12 is divided by z?
0
Let w(d) = d**2 - 4*d - 5. Let c be w(5). Suppose 2*b - 6 = -c*b. Let x(s) = 2*s**2 - s - 1. Calculate the remainder when 40 is divided by x(b).
12
Let h(z) = 3*z**2 - z - 3. What is the remainder when h(5) is divided by 14?
11
Calculate the remainder when 55 is divided by 25/(-2)*(1 - 85/25).
25
Let p(r) = r**3 + 12*r**2 + 12*r + 10. Let o be p(-11). Let c = 14 - o. Calculate the remainder when 40 is divided by c.
10
Let d be -15 - (-3)/((-6)/2). Calculate the remainder when 20 is divided by 8 - 4/(d/12).
9
Let p(f) = f**2 - 6*f - 20. What is the remainder when 69 is divided by p(11)?
34
Suppose -f + z + 15 = 0, -5*f = -0*f + z - 81. What is the remainder when 44 is divided by f?
12
Suppose -2 = -4*y + 2*y + 2*h, 0 = 5*y + 3*h - 5. Let t(w) = -w**3 + 7*w**2 + 5. Calculate the remainder when t(7) is divided by (0 + y)/((-6)/(-18)).
2
Let c = 73 - 67. What is the remainder when 28 is divided by c?
4
Suppose 19 = 5*r + 2*u - 3, -4*r + 20 = u. Suppose 13 = 5*q + 4*c - 1, -12 = -5*q - 2*c. Suppose q*m - 25 = 9. Calculate the remainder when m is divided by r.
5
Let w = -98 - -141. Calculate the remainder when 212 is divided by w.
40
What is the remainder when 4 + 2 + (3 - 5) is divided by 2?
0
Let v(i) = -5*i - 4 - 2 + 3. What is the remainder when 18 is divided by v(-2)?
4
Let o(w) = 10*w - 3. What is the remainder when 25 is divided by o(1)?
4
Let r = -73 - -81. What is the remainder when 61 is divided by r?
5
Suppose 3*h - 39 = 63. Suppose y - 4*j = -7 + 2, 0 = 2*y - 2*j + h. Let w = -9 - y. What is the remainder when 35 is divided by w?
11
Suppose 4*y = 3*y + 1. Suppose -t - 4*t = 3*g + 14, -5*t - 20 = 0. What is the remainder when g is divided by y?
0
Suppose 0 = 17*b - 5*b - 420. Calculate the remainder when b is divided by 18.
17
Let y(p) = 5 - 3 - 3 - 9*p. Calculate the remainder when y(-9) is divided by 27.
26
Suppose 0 = -16*g + 457 + 1127. Calculate the remainder when g is divided by (-1 + -3)*(-34)/8.
14
Suppose -s - 5*k = -5*s, 1 = -3*s + 4*k. Let h(w) = w**3 - 4*w**2 - 5*w + 3. Calculate the remainder when s is divided by h(5).
2
Suppose -r = 2*r - 6. Suppose -3*t - 3 = -0*t + 3*g, -4*t + r*g = -26. Suppose -a + 2*o = 3 - 18, 3*a - 29 = -2*o. What is the remainder when a is divided by t?
3
Suppose 34 = t + 4*c, 2*t - 4*c - 17 = 27. What is the remainder when t is divided by 6?
2
Suppose 0*t = 3*t - 30. What is the remainder when 27 is divided by t?
7
Let j(u) = -u**3 + 6*u**2 + u - 5. Calculate the remainder when j(4) is divided by 16.
15
Suppose 5*r = 11*r - 60. What is the remainder when 18 is divided by r?
8
Suppose 0 = -4*q + q + 6. Let v(b) = 7*b**3 + b**2 - 1. Calculate the remainder when v(1) is divided by q.
1
Let t(s) be the first derivative of -s**2 - 2*s - 3. Let b = -1 - 1. What is the remainder when 2 is divided by t(b)?
0
Let n = 265 + -150. Suppose -n = -3*p + 8. What is the remainder when p is divided by 22?
19
Let p(z) = 3*z**3 + z**2 - z - 1. Let m = -173 + 270. Calculate the remainder when m is divided by p(2).
22
Suppose -4*f - 3*u = -64, 16 = -f + 2*f + 3*u. Suppose 4*m + 140 = 4*p, 2*p + 2*p - 110 = -2*m. What is the remainder when p is divided by f?
14
Let f = 39 + -31. Calculate the remainder when 23 is divided by f.
7
Suppose -6*v = -x - 3*v + 17, v - 17 = -x. Suppose 0 = -y + 5*n - 75, -2*y + 3*n + x - 132 = 0. Calculate the remainder when ((-2)/5)/(2/y) is divided by 4.
2
Suppose 8*a - 63 = 5*a. Suppose 5*o = 4*o - 4*c - 7, -3*o + a = -2*c. What is the remainder when 19 is divided by o?
4
Let u be (-80)/(-12)*(-1 + -2). Calculate the remainder when 26 is divided by (-37)/(-4) + 5/u.
8
Let q be 1035/12 + 2/(-8). Suppose -15 = -2*p + 71. Let s = q - p. Calculate the remainder when s is divided by 15.
13
Suppose -96 = -0*h - 8*h. Calculate the remainder when 56 is divided by h.
8
Suppose 0*k - 88 = -4*k. Suppose -5*g = 2*z + 53, -4*z - 2 = 3*g + 27. Let l = -3 - g. What is the remainder when k is divided by l?
6
Suppose -2 = b - 4. Let g be (1/b)/(6/312). Let s = g - 16. Calculate the remainder when 29 is divided by s.
9
Let i = -23 - -33. Calculate the remainder when -37*(-1)/((1 + 1)/2) is divided by i.
7
Let v = 15 - 8. Let b = v + -5. Calculate the remainder when 43 is divided by b/11 - (-326)/22.
13
Suppose 5*b + 0*m = m, 0 = 5*b + 2*m. Let d(z) = -z + 13. What is the remainder when 36 is divided by d(b)?
10
Let s = 1 - -1. Let k = 36 - 71. Calculate the remainder when s is divided by k/(-25) + (-4)/10.
0
Suppose 0 = 4*u - 2*g - 38, 0 = -u + 6*u + 4*g - 80. Calculate the remainder when (0 + 1)*(37 + -2) is divided by u.
11
Let h = 39 - 23. Suppose 16 + 9 = 5*l. Suppose 192 = l*v - 43. What is the remainder when v is divided by h?
15
Let x = 16 - 11. Suppose -3*r - 165 - 169 = -5*m, 0 = 3*m + x*r - 180. Calculate the remainder when m is divided by 17.
14
Let a = 134 + -55. Calculate the remainder when a is divided by 28.
23
Suppose -3*f = 3*r - 84, f + 1 = -2. What is the remainder when r is divided by 17?
14
Let g = -11 - -44. Calculate the remainder when g is divided by 12.
9
Suppose 0*s + 4*r = -s + 16, 0 = s + 3*r - 18. What is the remainder when 70 is divided by s?
22
Let s be ((-16)/6)/4*-3. Suppose -s*q - 33 = -3*i - 0*i, 0 = -5*q. Let g(y) = 5*y + 4. Calculate the remainder when g(3) is divided by i.
8
Suppose 4 = c - 5. Let s = c - 6. Suppose 0 = -2*h + 3*a - 0*a + 57, s*a = -4*h + 69. Calculate the remainder when 40 is divided by h.
19
Let p(h) = h**2 - h - 3. Calculate the remainder when (-1 - -2)/(2/34) is divided by p(4).
8
Suppose -d = 2 - 21. Suppose -3 - 47 = -5*s. Calculate the remainder when d is divided by s.
9
Suppose 5*i - 4*b + 9 = 0, 0 = 2*i + 2*i + 4*b. Let f(g) = g**2. Let x be f(i). Let w = x - -2. Calculate the remainder when 4 is divided by w.
1
Let s(f) be the first derivative of -f**2 - 7*f - 3. Calculate the remainder when 25 is divided by s(-10).
12
Let h(r) = 2*r - 16. Calculate the remainder when h(12) is divided by 2.
0
Suppose 5*t - 5*l - 36 = -1, -2*l = -t + 10. Suppose -2*i - i = -3, u - t*i = 2. Suppose v - u*v = -40. What is the remainder when v is divided by 5?
3
Let s(r) = -r**3 + 6*r**2 + 3*r + 8. Suppose 2*p - 7*p + 45 = 0. What is the remainder when s(6) is divided by p?
8
Let b = 47 + -71. Calculate the remainder when b/20*(-25)/2 is divided by 4.
3
Let l = -105 - -212. What is the remainder when l is divided by 27?
26
Let y(h) = -4*h. Let l be y(1). Let s = 6 + l. Calculate the remainder when s is divided by -3*(40/(-12) - -3).
0
Suppose 2*u + 5*n = -11, 4*u - 7*n - 48 = -3*n. Let d = 9 - u. What is the remainder when 24 is divided by (-100)/(-8) + d/4?
11
Let v(b) = -b**2 - 7*b - 1. Let a = -2 - 3. Let d(p) = -p**2 - 6*p. Calculate the remainder when v(a) is divided by d(-5).
4
Calculate the remainder when 34 is divided by 18*(-4)/16*-2.
7
Let k be -2 + (1 - -2) + -1. Let w = 140 - 133. What is the remainder when 9/(-2)*(k - 4) is divided by w?
4
Suppose -4*n + n - 11 = -2*k, 5*k - 47 = n. Suppose 0 = -0*b + 2*b - k. Calculate the remainder when 14 is divided by b.
4
Suppose -2*z - 2*g + 116 = -g, -z + 61 = 2*g. Let p = -12 - -41. What is the remainder when z is divided by p?
28
Suppose -x = -5*x - 4*w + 68, 3*w = x - 9. What is the remainder when 40 is divided by x?
10
Let c(s) = 11*s - 1. Calculate the remainder when ((-12)/8)/(3/(-54)) is divided by c(1).
7
Suppose -5*b + 2*n + 44 = 0, -4*n - 9 = -1. What is the remainder when 30 is divided by b?
6
Suppose -13 = -5*l + c, 3*c + c = 8. Suppose l*n + n = 20. Let w = 1 + n. What is the remainder when 17 is divided by w?
5
Suppose 47 = 5*c - 3. Suppose -c - 12 = -z. Calculate the remainder when z is divided by 8.
6
Let z = 214 - 96. Calculate the remainder when z is divided by 30.
28
Suppose 4*o = -n + 21, -4*o + 3*n = 4 - 21. Suppose -2*q + 8 + 0 = -2*w, -o*q = 4*w - 20. Let m = 4 + q. Calculate the remainder when 14 is divided by m.
6
Suppose 0*p = -4*p +